?
-4
Let p(t) be the third derivative of t**4/24 - 8*t**3/3 + 13*t**2 - 4*t. Calculate p(11).
-5
Let u(i) = i**2 - 7*i. Let y be u(6). Let c(j) = j**3 + 7*j**2 + 6*j + 3. Let l be c(y). Let a(v) = -2 + 0 + v**l + 1. What is a(-2)?
-9
Suppose 3*b + 2*b + 25 = 0. Suppose 4 + 1 = 5*n. Let c(u) = u**2 + 0*u + 6*u**2 - n + u**3 + 5*u - u**2. Give c(b).
-1
Let x(o) be the first derivative of 5*o - 5/3*o**3 + 1/4*o**4 - 27 - 3*o**2. Give x(6).
5
Let o(p) = -p - 2. Let x(y) = -7*y**2 - 5*y**3 + 2*y**3 - 27 + 41 + 20*y + 2*y**3. Let f be x(-9). Determine o(f).
2
Suppose -c + 6 + 8 = -4*r, -4*c - r - 29 = 0. Let t(q) = -2*q - 13. Give t(c).
-1
Suppose -14*x - 2*x = -80. Let w(h) be the second derivative of -7/2*h**2 - 1/20*h**5 + 4/3*h**3 + 0 - h + 1/3*h**4. Give w(x).
8
Let v(j) be the second derivative of 2*j - 5/2*j**2 - 9 + 1/6*j**3. Calculate v(12).
7
Let h be (-10)/5 - (13 + -16). Let t(x) = -24*x**2 + x - 1. Determine t(h).
-24
Let o(a) be the third derivative of -a**6/120 + 2*a**5/15 - a**4/24 + 11*a**3/6 - 103*a**2. Let p be ((-24)/(-3))/(-2)*-2. Give o(p).
3
Let b(j) = j**3 + 2 - 1 + 2*j + 2*j**2 + 2*j**2. Let y = 953 + -955. What is b(y)?
5
Let s be (168/(-28))/(3/2). Let b(x) = x**2 + 5*x + 2. Give b(s).
-2
Let f(k) be the second derivative of k**4/12 + k**3 + 3*k**2 + 27*k - 2. Let b(m) = 5 + 0*m + m - 3*m. Let j be b(5). Give f(j).
1
Suppose 4*x = h - 0*x - 5086, -3*x = 3*h - 15333. Let g(r) = -r**2 - h - 7*r + 5112 + 2*r**2. What is g(4)?
-6
Let j(t) = -7*t + 1. Let c be 4 + (6 - 9)*10/6. What is j(c)?
8
Let y(v) = v**3 + 12*v**2 - 28*v + 3. Let s(g) = -47*g + 1349. Let c be s(29). Calculate y(c).
3
Let y(m) = -m + 1. Let k(s) = -3*s + 4. Let t(g) = k(g) - 5*y(g). Let p(r) be the first derivative of -r**2/2 - 9*r + 3. Let x be p(-7). What is t(x)?
-5
Let s(t) = t**3 - 2. Let w = -15 + 23. Let x be 1*-4 - (-14 + w). Calculate s(x).
6
Let l(y) = -3*y. Suppose -k + 3*w - 5*w = -14, 2*k - 4*w + 4 = 0. Determine l(k).
-18
Let j(r) = -9*r**3 - 2*r**2 + 1. Let u be 6*((-2)/(-48) - (-8)/64). What is j(u)?
-10
Let o be -1 - -6*3/6. Let b be -3 + o/6*9. Let t(y) = 7 + b + 2 - 5 + y. Calculate t(-5).
-1
Let h(n) be the first derivative of -n**4/4 - 5*n**3/3 + 9*n**2/2 + 5*n + 231. What is h(-6)?
-13
Let g(t) = -1. Let w(n) = n - 8. Let y(u) = 24*g(u) - 3*w(u). Suppose 5284*f + 16 = 5288*f. Give y(f).
-12
Let o be 65/9 - ((-16)/18)/(-4). Let w(r) = -8*r**2 + 2*r - 1. Let g(k) = 25*k**2 - 7*k + 4. Let m(z) = o*w(z) + 2*g(z). Give m(1).
-5
Let u(d) be the third derivative of d**6/60 + 7*d**5/60 + 2*d**3 + 12*d**2. Let y be u(-4). Let m(k) = -k**2 - 5*k. Calculate m(y).
4
Let n(i) = -i**2 + i + 4. Let c be -2 - -1 - 0 - -1. Let y = 25 - 22. Let j = y + c. Give n(j).
-2
Let l(b) = 2*b - 1. Let n(c) = 2*c**2 + 13*c + 4. Let y(i) = -2*l(i) + n(i). Give y(-6).
24
Let u be 2/(24/(-30)*10/(-292)). Let n = u + -75. Let y(c) = -c**3 - 2*c**2 - 3*c - 1. What is y(n)?
5
Let k(t) = 2*t**2 - 6*t**3 + 3*t**2 - 3 + 5*t + 9. Let g(b) = -6*b**3 + 4*b**2 + 4*b + 5. Let w(i) = 6*g(i) - 5*k(i). Suppose 20*p + 24 = 4. Determine w(p).
6
Let h(x) = -x**2 - x. Let v(w) = w**3 + 6*w**2 + 4*w - 1. Let o(n) = -4*h(n) - v(n). Calculate o(-2).
1
Let i = -28 + 30. Let y be (4 - 6)*(-1)/i. Let b(n) = -y + 7*n - n - 3*n + 3. Determine b(2).
8
Let m(y) = y + 11. Let r(w) = -5*w - 55. Let x(t) = 11*m(t) + 2*r(t). Let f be x(-5). Let q(j) = j - 7. Give q(f).
-1
Let w(u) = -2*u**2 - 7*u. Let f be w(-3). Let r(b) = b**2 - 6*b**2 - 3*b - b**2 - f*b + b**3. Calculate r(7).
7
Let d(w) = 3*w**3 + 19*w**2 - 9*w + 4. Let r(o) = 2*o**3 + 13*o**2 - 6*o + 3. Let c(y) = 5*d(y) - 7*r(y). Determine c(-5).
-11
Let h(o) = -o - 10. Let w(m) = -2*m - 17. Let c(y) = -7*h(y) + 4*w(y). Give c(-6).
8
Let i(f) = 13*f + 18. Suppose 4*u + 12 = 2*u. Let v(o) = 11*o + 17. Let g(w) = u*i(w) + 7*v(w). Calculate g(7).
4
Let q(s) be the third derivative of 1/24*s**4 - 1/6*s**3 + 0*s - 3*s**2 + 0. Calculate q(-5).
-6
Let m be (-12)/(((-21)/(-2))/(-7)). Suppose 4*g - m = 4. Let b(s) = -g - 10*s + 2*s - s**2 - 4. Calculate b(-5).
8
Let f(r) = -r. Let q(a) = -2*a - 17. Let n(t) = 3*f(t) + q(t). Let u(l) = 253*l - 2 + 6 - 252*l. Let s(i) = -4*n(i) - 18*u(i). Determine s(5).
6
Let t = -63 - -65. Let s(u) = 13*u + 2*u**2 - 14*u + u**t. Determine s(-2).
14
Let t(j) be the third derivative of j**6/120 - 3*j**5/20 - 11*j**4/12 - 7*j**3/3 - 46*j**2 - 4. What is t(11)?
-14
Let g(o) = o**3 - 5*o**2 - 6*o - 4. Suppose -4*a + 5*a - 19 = -3*i, -i = -a - 5. Determine g(i).
-4
Let b(z) = -7*z**3 - 12*z**2 + 7*z - 4. Let a(g) = -5*g**3 - 11*g**2 + 8*g - 3. Let u(f) = 3*a(f) - 2*b(f). What is u(-10)?
-1
Let b(r) = 2*r**3 - 2*r**2 - 2*r + 2. Let p(y) = 4*y - 70. Let t be p(18). What is b(t)?
6
Let g(w) = w**3 + 5*w**2 + w. Let c(l) = -4 + 3 + 3*l - 2*l + 0. Let o be c(-4). What is g(o)?
-5
Let d(f) = -f**3 - 6*f**2 + 6*f - 6. Let s = 37 - 35. Let l = s + -9. Determine d(l).
1
Let g(q) = 6*q**2 + 12*q + 5. Let u(o) = -o**2 - o. Let m(c) = g(c) + 5*u(c). Let x = -327 + 320. Determine m(x).
5
Let x = 2 + 0. Suppose -x*r - 3 = -v, v - 8*r = -4*r + 9. Let m(d) = 2*d**2 + d - d + 4*d - 3 + 4. Give m(v).
7
Let d(m) = m**2 - 9*m - 17. Let v(o) = 15*o - 454. Let z be v(31). Give d(z).
5
Let i be (-512)/(-88) + (-4)/(-22). Let x(z) = i*z + 9*z**2 + 3 - 10*z**2 + 8. Determine x(8).
-5
Let s(i) = -i**3 + 6*i**2 - 10. Let m = 2398 + -2393. Give s(m).
15
Let j(k) be the third derivative of -k**6/120 + k**5/30 - k**4/12 + k**3/3 - k**2 + 68*k. Suppose 1 = -2*c + 7. What is j(c)?
-13
Let w(v) be the first derivative of -v**5/40 - v**4/24 - 4*v**3 - 17. Let l(t) be the third derivative of w(t). Let q = 0 - 2. Calculate l(q).
5
Suppose -44*i + 31*i - 195 = 0. Let q(r) = r + 27. Determine q(i).
12
Let r(t) = 7*t**2 + 7*t + 11. Let f(w) = 6*w**2 + 8*w + 12. Let i(v) = 6*f(v) - 5*r(v). What is i(-12)?
5
Let k(u) be the first derivative of u**4/4 + 4*u**3/3 - 3*u**2 - u + 127. Let d = -6 + 1. What is k(d)?
4
Let f(z) = 4*z - 6. Let t = 2495 + -2496. Determine f(t).
-10
Let l = -2 + 1. Let s(a) be the third derivative of -a**4/3 - a**3/6 + 179*a**2. Give s(l).
7
Suppose -55*d = -51*d + 16. Let c be 2/d*(2 - -8). Let k(u) = u**3 - u. Let m(r) = r**3 - 4*r**2 + r - 1. Let z(t) = -2*k(t) + m(t). What is z(c)?
9
Let t(q) = 22*q + 4 - 25*q - 71*q**2 + 69*q**2. Give t(-4).
-16
Let m(v) = v**2 - 2*v - 1. Let w(d) = d**3 + 2*d - 7. Let q be w(2). What is m(q)?
14
Let v(g) = g**2 - 4*g + 4. Suppose -5*u = -3*m - 59, 4*m = 3*u - 0*m - 31. Suppose -3*h - 9 - 2 = 2*i, -i = 4*h + u. Let p be (20/(-25))/(i/5). Give v(p).
4
Let h be 4/(-6)*(1 - (-66)/(-12)). Let p(v) = 2*v**2 + 1 + 9*v**3 + h*v**3 - 2*v - 2 - 11*v**3. Give p(-2).
3
Let z(k) = k. Let p(u) = -31*u - 16. Let a(d) = 6*d + 3. Let n(h) = -11*a(h) - 2*p(h). Let f(b) = 2*n(b) + 9*z(b). Let g be (2/(-3))/(9/27). Determine f(g).
-4
Let u(y) be the first derivative of -y**5/20 - y**4/2 + y**3/3 + y**2/2 - 10*y + 7. Let t(i) be the first derivative of u(i). What is t(-6)?
-11
Let m(y) = -2*y + 2. Let c be 4/(-6) - 51/(-9)*1. Determine m(c).
-8
Let y(g) = -2*g - 2*g + g**2 - 7 - g + 3*g - g. Calculate y(5).
3
Let f(n) = -7*n**2 + 17*n - 5. Let o(r) = 3*r**2 - 8*r + 2. Let t(w) = 2*f(w) + 5*o(w). Determine t(4).
-8
Let u(d) = d**3 + 0*d - 9 + 2 - 3*d + 6*d**2 - 2*d. Determine u(-6).
23
Let g(t) be the second derivative of 0 + 1/12*t**4 + 1/6*t**3 + 1/2*t**5 + 0*t**2 - 25*t. Give g(-1).
-10
Let b(k) = -k**2 - 33*k + 62*k + 4*k**2 + 1 - 30*k. What is b(2)?
11
Let n(d) = d**3 - 7*d**2 + 7*d + 1. Let s be n(6). Let i(z) = -25*z + 7*z + 5*z + 14*z. What is i(s)?
7
Let v(d) = d. Let a(l) = 2*l**2 - 3*l - 3. Let m(w) = -w**2 - w + 1. Let k(x) = -a(x) - 3*m(x). Let s be k(-6). Let b = 3 + s. Determine v(b).
3
Let w(s) = 2*s**2 + 2*s - 1. Let t be w(1). Suppose -t + 0 = -3*v. Let d(a) = -8*a**2 - 2*a + 1. What is d(v)?
-9
Let o(z) = -z - 2. Let c(h) = -h - 11. Let q(u) = c(u) - 2*o(u). Determine q(7).
0
Let z(p) be the second derivative of -p**3/2 + 16*p**2 - 266*p + 1. Determine z(14).
-10
Let f(w) be the third derivative of -w**4/12 + 7*w**3/2 - w**2 + 32. Give f(11).
-1
Let t(f) = -f**2 + 21*f - 23. Let c be t(20). Let x(v) = -v**2 + 1. Give x(c).
-8
Let z be 18/4*(-2)/(-3). Let p(o) = 7*o - 1 - o - o**3 + 2*o**2 - z*o. Le